7*s - 10. What is v(7)?
-10
Let g(x) = -x**3 + 21*x**2 - 48*x - 10. What is g(18)?
98
Let v(k) = -3*k + 21. Determine v(5).
6
Let n(l) = 61*l + 47. What is n(-1)?
-14
Let x(g) = -g**2 - 3*g - 1. What is x(-8)?
-41
Let x(f) = -f**3 + 3*f**2 - f - 7. Determine x(3).
-10
Let k(a) = a**2 + 3*a + 7. Give k(0).
7
Let r(q) = 11*q**2 - 85*q - 29. Give r(8).
-5
Let u(w) = -w - 4. What is u(10)?
-14
Let f(b) = -8*b + 37. Give f(-17).
173
Let o(a) = -a**3 + 11*a**2 - 21*a - 33. Calculate o(8).
-9
Let f(o) = -o - 10. Give f(-14).
4
Let o(i) = i**2 - 6*i + 4. Determine o(-6).
76
Let n(x) = 5*x + 130. Give n(-25).
5
Let d(s) = 28*s + 370. Determine d(-13).
6
Let w(m) = -m**3 - m**2 - 2*m - 1. Calculate w(-2).
7
Let g(c) = -c**2 + 14*c - 15. What is g(8)?
33
Let w(y) = -2*y**3 - 27*y**2 - 38*y - 42. Give w(-12).
-18
Let r(b) = -2*b**2 + 11*b - 7. What is r(7)?
-28
Let a(w) = 6*w + 6. Give a(-11).
-60
Let f(h) = h**2 - 17*h + 24. Determine f(17).
24
Let z(f) = -5*f + 6. Give z(-7).
41
Let s(y) = 9*y - 2. Give s(-1).
-11
Let s(d) = -12*d - 51. Give s(-7).
33
Let g(k) = k - 6. Give g(8).
2
Let m(i) = -7*i. Give m(-2).
14
Let r(i) = -19*i**2 + 4*i - 3. Calculate r(1).
-18
Let h(n) = 3*n**3 - 37*n**2 + 10*n + 22. What is h(12)?
-2
Let w(o) = -4*o**3 + 2*o**2 - 2*o - 2. Determine w(2).
-30
Let q(v) = v**3 - 17*v**2 - v + 7. Determine q(17).
-10
Let p(u) = -u + 31. Determine p(19).
12
Let k(i) = -i**3 - 7*i**2 - i + 7. Calculate k(-7).
14
Let t(g) = -g**3 - 8*g**2 - 14*g - 11. Calculate t(-5).
-16
Let f(k) = k**2 + 11*k - 150. What is f(-19)?
2
Let h(i) = i - 12. Give h(16).
4
Let u(j) = 2*j**2 + 8*j - 8. What is u(-8)?
56
Let w(v) = v**2 - v. Calculate w(0).
0
Let s(o) = o**2 + 8*o + 7. Determine s(-3).
-8
Let m(b) = 36*b - 13. Calculate m(0).
-13
Let m(n) = -n**2 + 13*n - 1. Calculate m(10).
29
Let z(u) = u**3 + u - 1. Calculate z(1).
1
Let p(g) = g**2 + 20*g + 79. Determine p(-6).
-5
Let l(v) = -v**2 + 2*v - 23. What is l(0)?
-23
Let w(q) = -2*q - 20. Determine w(6).
-32
Let u(i) = -3*i - 1. What is u(-3)?
8
Let q(n) = -3*n**2 + 5*n - 5. Determine q(2).
-7
Let b(f) = 4*f + 24. Give b(-8).
-8
Let y(o) = o**2 - 10*o - 13. Determine y(13).
26
Let k(u) = u**2 + 25. Calculate k(0).
25
Let l(r) = 7*r**2. Determine l(-1).
7
Let n(k) = 3*k**3 + 6*k**2 + 2*k. Give n(-2).
-4
Let k(d) = -d + 28. What is k(0)?
28
Let k(t) = -t**2 - 7*t - 4. Calculate k(-3).
8
Let x(o) = -o**3 + 4*o**2 + 5*o + 7. Give x(5).
7
Let r(j) = 2*j**2 - 2*j - 1. Calculate r(-2).
11
Let k(d) = -d + 22. Calculate k(10).
12
Let f(k) = -k**2 + 17*k - 26. What is f(6)?
40
Let u(l) = 2*l**3 - 16*l**2 + 17*l - 22. Calculate u(7).
-1
Let o(s) = s**2 - 5*s - 11. Calculate o(6).
-5
Let y(o) = -o + 5. Calculate y(2).
3
Let a(b) = -12*b**2 - 3*b - 3. Give a(-1).
-12
Let d(b) = -b**3 + 2*b**2 + 2*b. Calculate d(-1).
1
Let q(z) = -7*z + 148. Calculate q(26).
-34
Let w(m) = -11*m - 87. Calculate w(-9).
12
Let j(m) = 35*m**2 - m - 5. Give j(1).
29
Let q(t) = -t**2 - 33*t - 257. Give q(-16).
15
Let w(s) = -47*s + 7. Determine w(1).
-40
Let q(g) = -g - 4. Calculate q(-5).
1
Let x(p) = p**3 + 8*p**2 - 3*p + 2. Give x(-8).
26
Let o(d) = -d**3 - d**2 + 4*d + 6. Determine o(-3).
12
Let k(h) = -2*h - 6. Calculate k(5).
-16
Let i(k) = -10*k + 6. Calculate i(7).
-64
Let f(y) = -y**2 - 10*y + 139. Give f(8).
-5
Let s(d) = d**3 - 11*d**2 + 10*d + 31. What is s(10)?
31
Let v(s) = -s**3 + 13*s**2 + 4*s - 26. What is v(13)?
26
Let c(w) = -w**3 - w**2 + 29*w - 11. Determine c(-6).
-5
Let q(j) = -j**3 + 4*j**2 - 7*j + 2. Calculate q(5).
-58
Let l(p) = 2*p**3 + 26*p**2 - 21*p - 266. What is l(-13)?
7
Let x(q) = -58*q + 114. Give x(2).
-2
Let u(n) = -n + 17. Give u(0).
17
Let s(z) = -2*z**2 - 10*z + 44. Calculate s(3).
-4
Let u(m) = m**3 + 6*m**2 + 1. Determine u(-6).
1
Let z(d) = -2*d + 3. Calculate z(-11).
25
Let g(f) = -f**2 - 8*f + 2. What is g(-4)?
18
Let x(g) = 2*g**2 + 4*g + 6. Determine x(-3).
12
Let s(h) = h**3 - 5*h**2 + 2*h + 1. What is s(5)?
11
Let v(h) = -h**2 + h + 6. Give v(6).
-24
Let u(i) = 4*i + 49. Give u(-5).
29
Let d(y) = -y**3 + 6*y**2 + 3*y - 4. Calculate d(7).
-32
Let g(j) = -j**2 + 6*j + 15. Give g(10).
-25
Let j(o) = o**2 + 20*o - 3. Give j(-20).
-3
Let m(s) = s - 10. Determine m(-8).
-18
Let y(j) = 2*j**2 + 15*j + 38. Calculate y(-6).
20
Let i(j) = -14*j - 3. What is i(-3)?
39
Let p(t) = t**2 + 9. Give p(6).
45
Let y(a) = 12*a - 49. Give y(4).
-1
Let x(t) = -t**3 - 6*t**2 + 11*t - 9. Give x(-6).
-75
Let u(r) = r**2 + r + 6. Calculate u(-7).
48
Let h(z) = z**3 + 12*z**2 + z - 2. What is h(-12)?
-14
Let b(u) = -u**3 + 9*u**2 + u - 7. What is b(9)?
2
Let t(v) = v**3 - 24*v**2 - 49*v - 71. Determine t(26).
7
Let w(k) = 24*k**3 - k**2 - k + 1. Determine w(-1).
-23
Let o(x) = -x**2 - 4*x + 4. Give o(-2).
8
Let b(h) = 4*h + 14. Determine b(-16).
-50
Let z(h) = -8*h - 2. What is z(5)?
-42
Let f(l) = l**2 - 11*l + 26. Give f(8).
2
Let j(c) = -7*c + 40. What is j(-24)?
208
Let u(q) = -q**3 + 4*q**2 + 6*q - 10. What is u(4)?
14
Let u(y) = -y + 5. What is u(-2)?
7
Let v(q) = -q**3 - 2*q**2 + 8*q - 37. Determine v(-5).
-2
Let s(o) = -o**2 - 14*o - 4. Give s(-14).
-4
Let d(p) = 5*p**2 - 74*p - 12. Calculate d(15).
3
Let a(r) = -r**2 + 4*r + 7. What is a(-4)?
-25
Let u(c) = c**3 - 10*c**2 + 10*c - 1. Give u(9).
8
Let c(y) = -y**2 + 11*y - 17. Give c(7).
11
Let l(a) = -5*a + 16. Determine l(3).
1
Let m(a) = 10*a - 84. Give m(18).
96
Let o(b) = b**3 - 38*b**2 - 82*b + 82. Give o(40).
2
Let u(d) = -2*d - 3. Determine u(-4).
5
Let z(f) = -16*f - 44. Determine z(-12).
148
Let b(v) = 2*v**3 - 11*v**2 + 19*v + 4. Give b(2).
14
Let x(m) = 25*m - 121. Calculate x(6).
29
Let j(g) = 2*g**2 + 15*g + 24. Determine j(-4).
-4
Let b(v) = -v**2 + 11*v + 29. Determine b(13).
3
Let t(r) = r**3 + 13*r**2 + 22*r + 13. What is t(-11)?
13
Let t(j) = -j**2 - 7*j - 5. Give t(-6).
1
Let a(w) = w**2 + 6*w. Determine a(-6).
0
Let v(q) = -21*q - 12. Determine v(5).
-117
Let s(m) = -m**3 - 4*m**2 - m + 6. What is s(-2)?
0
Let m(b) = -69*b**3 - 3*b**2 + 3*b - 2. Determine m(1).
-71
Let a(v) = 10*v + 63. Calculate a(-4).
23
Let d(i) = i**3 + 5*i**2 + 5*i - 2. What is d(-5)?
-27
Let y(l) = l**3 - 4*l**2 + l + 1. What is y(4)?
5
Let d(b) = -b**2 + 42*b + 3. Calculate d(42).
3
Let i(b) = -b**3 - 9*b**2 - 7*b - 7. Calculate i(-4).
-59
Let v(b) = -10*b + 63. Give v(7).
-7
Let k(d) = -d**2 - 9*d + 4. Give k(-10).
-6
Let a(n) = -n**2 - 3*n. Calculate a(4).
-28
Let g(q) = -5*q + 175. Give g(34).
5
Let u(a) = 3*a**2 - 6*a + 4. What is u(3)?
13
Let r(k) = k**3 + 5*k**2 + 4. What is r(-4)?
20
Let g(y) = -3*y**2 + 45*y - 1. Give g(15).
-1
Let n(a) = -26*a + 174. What is n(7)?
-8
Let i(v) = -v**3 + 17*v**2 - 48*v - 50. What is i(13)?
2
Let t(y) = -4*y - 90. What is t(-21)?
-6
Let v(d) = 35*d**3 + d**2 + 2*d + 2. Calculate v(-1).
-34
Let i(j) = j**2 + 45*j + 201. Give i(-40).
1
Let q(z) = 4*z - 23. Determine q(15).
37
Let j(l) = 3*l + 89. Determine j(-39).
-28
Let f(n) = 53*n - 34. Determine f(4).
178
Let z(m) = 6*m**2 - m - 2. Calculate z(-1).
5
Let b(c) = -c**2 + 2*c + 2. Give b(3).
-1
Let p(i) = i**2 - 7*i. Determine p(-2).
18
Let t(v) = -v**3 + 7*v**2 + 22*v + 2. Determine t(10).
-78
Let k(c) = c**3 + 6*c**2 - 4*c + 4. What is k(-6)?
28
Let f(w) = w**3 + 6*w**2 + 3*w - 3. Give f(-2).
7
Let n(d) = 7*d**3 - d**2 + 1. Calculate n(-1).
-7
Let h(f) = -f**3 - 8*f**2 - 11*f + 1. Calculate h(-4).
-19
Let y(k) = k + 13. Calculate y(-16).
-3
Let k(n) = -n**3 + 61*n**2 - 60*n + 3. What is k(60)?
3
Let n(x) = 3*x. What is n(-7)?
-21
Let d(u) = -14*u - 19. Give d(-10).
121
Let n(a) = -a**2 - 8*a + 1. Calculate n(-8).
1
Let h(n) = -6*n + 47. Determine h(7).
5
Let o(n) = -n**2 + 8*n - 7. What is o(2)?
5
Let x(t) = -4*t. Determine x(-11).
44
Let h(i) = -6*i - 12. Give h(6).
-48
Let w(b) = 54*b - 217. Calculate w(4).
-1
Let f(k) = -14*k - 95. What is f(-8)?
17
Let l(h) = -h**3 - 4*h**2 - 4*h - 2. What is l(-2)?
-2
Let p(o) = -3*o - 6. What is p(5)?
-21
Let c(o) = -o**3 - 7*o**2 - 8*o + 3. Give c(-5).
-7
Let r(w) = w**3 - 6*w**2 - 5*w + 5. Determine r(6).
-25
Let c(m) = -m**3 - 2*m**2 + 7*m - 5. Determine c(1).
-1
Let o(k) = -k**3 + 8*k**2 - 3*k - 4. What is o(3)?
32
Let j(a) = -a**3 + 12*a**2 - 12*a - 4. Determine j(11).
-15
Let g(t) = -t**3 + 7*t**2 - 2*t + 10. Give g(7).
